rime factors of y?
2, 73
Suppose -6*b + 32 = -14*b. What are the prime factors of ((-14)/b)/(((-57)/(-246))/19)?
7, 41
Let i be (-9)/(486/(-12)) + (-43)/(-9). Suppose 0*t = n - 3*t - 11, 3*t = 4*n - 17. Suppose 165 = b - 2*u, 0*b - i*u + 348 = n*b. List the prime factors of b.
13
What are the prime factors of (-21145)/(-4) + 301/28 + -11?
2, 3, 881
Suppose -24*y + 42*y = 29*y - 59664. List the prime factors of y.
2, 3, 113
Suppose -18*w = -3619 - 4229. Suppose 875 + 393 = 3*q + 5*h, 0 = -q - 5*h + w. List the prime factors of q.
2, 13
Let n(u) = 19*u + 0*u**2 - 2*u**2 + 2 - 6 + 9*u. Let x be n(14). List the prime factors of (190/x)/(2*(-3)/12).
5, 19
Suppose 3*d - 50 = -4*c, -4*d = -3*c - 6 + 31. Suppose -4*r - c = 7*r. Let x(m) = -62*m**3 + m + 1. What are the prime factors of x(r)?
2, 31
Let v(x) = x**2 + 48*x + 60. Let j be v(-42). Let t = j + 315. What are the prime factors of t?
3, 41
Let r(w) = 7*w**2 - 12 - 28*w - 25*w - 28*w + 84*w. Let j be r(-4). Suppose -143 = -h + 2*v + j, -v = -4*h + 896. What are the prime factors of h?
223
Suppose 29*u = 2*u. Suppose 0 = 3*i - 22*b + 19*b - 2340, u = -2*b - 10. List the prime factors of i.
5, 31
Let r(d) be the first derivative of d**3/3 + 5*d**2 + 2*d - 22. Let u be r(-7). Let m = u - -36. List the prime factors of m.
17
Let g be 623 + -1 - 11/22*-2. Let i = -315 + g. What are the prime factors of i?
2, 7, 11
Suppose -2*v + 1 = 4*w - 5*v, -5*w = -4*v. Suppose c - 367 = -w*g, 4*c = -2 - 2. What are the prime factors of g?
2, 23
Suppose 0 = 3*m + 4*b + 28, 3*m = 5*b + 4 + 4. Let u(r) = -8*r**3 - 3*r**2 - 2*r + 16. What are the prime factors of u(m)?
2, 61
Let n = -800 - -802. Suppose -n*k - 4992 = -6*k. List the prime factors of k.
2, 3, 13
Suppose -4*a - 565 = -3*j, -8*j - 429 = 3*a - 5*j. Let t = a + 541. What are the prime factors of t?
3, 7, 19
List the prime factors of 2*154/(-28) + 17637.
2, 7, 1259
List the prime factors of (24416/(-140)*(-410)/4)/2.
2, 41, 109
Suppose -38843 = -q + 4*k - 7*k, 0 = -q - k + 38827. What are the prime factors of q?
11, 3529
Suppose 0 = -4*h + 889 - 877. Suppose -5*u + h*v + 6635 = 0, 7*v - 6630 = -5*u + 11*v. What are the prime factors of u?
2, 5, 7, 19
Let m(c) be the second derivative of c**4/4 - c**2/2 + 13*c. Let h be m(1). Suppose -h = p - 85. List the prime factors of p.
83
Let y(h) = 2*h**3 - h**2 - 2*h - 1. Let x be y(-2). Let p = x - -40. Suppose 0 = 5*m + p - 458. What are the prime factors of m?
3, 29
Let y be 15*(-5)/(-28 + 3). Suppose -m = -y, 2*i + 3*m = -2*i + 17. Suppose -a - i*a = -117. List the prime factors of a.
3, 13
Suppose -5784 = -29*r + 33018. Suppose 3*x - 4*p = -8*p + r, 4*x - p - 1765 = 0. List the prime factors of x.
2, 13, 17
Let x = 479 - 211. Let u = -175 + x. What are the prime factors of u?
3, 31
Let w(t) = -t**2 - 12*t + 15. Let j be w(-11). Suppose j*k - 23*k - 3 = 0. What are the prime factors of (-4 - 85/(-5))/(k/15)?
3, 5, 13
What are the prime factors of 738/27*(3 + (-1722)/(-7))?
2, 41, 83
Let f(d) = 32*d + 98. Let b be f(-3). Suppose 6330 = 5*n + 51*c - 47*c, -b*c = 10. What are the prime factors of n?
2, 5, 127
Suppose 48 = -70*l + 76*l. What are the prime factors of (-2285)/20*-2 - (-12)/l?
2, 5, 23
Suppose 0 = -d + u + 2*u + 22, -d + 4*u = -24. Suppose 0 = 27*y - d*y - 5918. List the prime factors of y.
2, 269
Suppose 5*l + 0 - 5 = 0. Let f be (3/1 - -1)/l. Suppose f*n - 11 - 41 = -c, 4*c - n = 174. List the prime factors of c.
2, 11
Suppose -15086 = -11*v + 18213 + 60971. What are the prime factors of v?
2, 5, 857
Let i = 54 + -52. Let r be (708/24)/((-3)/2 + i). Suppose 3*k - 4*o = r, 6*o = 2*k + 7*o - 21. List the prime factors of k.
13
What are the prime factors of ((-5)/3)/((-4)/3 + 39585/29700)?
2, 3, 5, 11
Suppose -5*k + 8 + 2 = 0. Suppose -k*x - 3*x + 481 = -2*p, -3*p + 371 = 4*x. Let v = x - 23. What are the prime factors of v?
2, 3
Suppose 6*c - 2*x - 2286 = 2*c, 5*c + x - 2861 = 0. Let n = -17065 + 16765. Let p = n + c. What are the prime factors of p?
2, 17
Let g(v) = 25*v**3 + v**2 - 3*v + 11. Let c be g(3). Let o = -277 + c. What are the prime factors of o?
409
Suppose -a - 32 - 7 = 0. Let o be (-12)/(-2)*(a/(-9) - 4). Suppose 0 = 2*w + 5*l - 141, 2*w - o*l - 96 = 2*l. What are the prime factors of w?
2, 29
Let b(w) = 20*w - 177. Let u be b(9). Suppose u*p + 506 = 5375. List the prime factors of p.
3, 541
Let f(q) = q**2 - 16*q - 29. Let c be f(18). Let j(w) = -w**3 + 6*w**2 + 10*w - 13. Let y be j(c). Suppose -643 = -y*z + 101. What are the prime factors of z?
3, 31
Suppose 0*a = -4*m - 4*a + 4268, -2131 = -2*m - 3*a. List the prime factors of 10*m/(-125)*-5.
2, 107
Let a(x) = x + 2. Let c be a(-2). Suppose 2*o - 2 = c, -5*t - 4*o + 10 + 4 = 0. List the prime factors of (t - 13)*(4 - 14).
2, 5, 11
List the prime factors of 21306 + (-8 + -2 - -6 - (-7 - 0)).
3, 7103
Suppose 6*x - 12 = -0*x. Suppose -3*q = -3*m - 15, -2 = q + q + x*m. Suppose -56 = -q*l + 38. List the prime factors of l.
47
Suppose 69*k - 23*k = 2350554. What are the prime factors of k?
3, 17033
Let m(t) = 15*t**2 + 2*t - 17. Suppose 87*r = 68*r - 114. What are the prime factors of m(r)?
7, 73
Let l(t) = t**3 + 2*t**2 + 2*t - 1. Let x be l(0). Let b be 3/6 + 65/2. Let u = b + x. List the prime factors of u.
2
Let u be (-3249)/(-12) + 110/88. Let a = -155 + u. What are the prime factors of a?
3, 13
Let i = 31044 - 15833. List the prime factors of i.
7, 41, 53
Let i = 795 + -1471. Let a = -354 - i. List the prime factors of a.
2, 7, 23
Let g = -189 + 183. List the prime factors of (-2)/(-3) + ((-2366)/g)/1.
5, 79
Let b = -1 + -11. What are the prime factors of (-1095)/(-7) + b/(-21)?
157
Let j be -3*(4 - 6)*-6. Let h = j + 390. List the prime factors of h.
2, 3, 59
Let y(z) be the third derivative of 9*z**4/2 + 7*z**3/3 - 22*z**2 + z. What are the prime factors of y(4)?
2, 223
Suppose 14*h - 9*h + 180622 = 3*w, 4*w - 2*h - 240792 = 0. List the prime factors of w.
2, 30097
Let c be 1 + (-525)/(-77) - (-2)/11. Let f(y) = 3*y**3 - 15*y**2 + 6*y - 10. What are the prime factors of f(c)?
2, 307
Let s = -224 - -208. What are the prime factors of 1 - 2 - (-986 - s)?
3, 17, 19
Let k be 5/(-50) + (-202)/(-20). Suppose 451 = u + 4*z, 1744 = 4*u - 6*z + k*z. List the prime factors of u.
431
Let o be 5*(-222)/9*(-39)/(-5). Let g = 1455 + o. List the prime factors of g.
17, 29
Suppose -2*j + 35*d = 31*d - 21302, 0 = -2*j - 3*d + 21281. What are the prime factors of j?
5, 2129
Let f = -10424 - -17148. What are the prime factors of f?
2, 41
Let d(w) = 38*w**2 - 7*w - 9. Suppose -3*i + 69 = 54. Suppose 4*z - 2*z - i*k + 4 = 0, 3*k = 0. List the prime factors of d(z).
157
Suppose 5*w - 5*j = -10, -2*w + 3*j = -5 + 13. Let l be 3/w - 1302/(-4). Suppose 0 = -4*i - u + l, 0 = 4*i - u - 0*u - 321. What are the prime factors of i?
3
Let c(v) = -v**3 - 3*v**2 - v + 1. Let i be c(-4). Suppose -7*f + i + 0 = 0. Suppose f*j = 5*k - 113 - 208, k - 4*j = 54. What are the prime factors of k?
2, 3, 11
Let h(c) = 5*c + 16. Let v be (-6 + 7)*(7 + 0). Let w(o) = -o**2 + 9*o - 1. Let a be w(v). What are the prime factors of h(a)?
3
Let y be 8/(-4) + 42/(2 - 0). Suppose -2*r = -y + 15. Let g(c) = 42*c + 4. List the prime factors of g(r).
2, 11
Let b = 158 + -145. Suppose 0 = -10*m - b + 63. List the prime factors of m.
5
Let x(n) be the second derivative of -n**5/10 - n**4/12 - n**3/6 + 51*n**2/2 + 19*n. Let t be x(0). Let l = t - 19. List the prime factors of l.
2
Suppose 0 = -2*z + 3*x + 18755, 2*z - 18761 = -5*x + 10*x. List the prime factors of z.
7, 13, 103
Suppose -5*i + 2*t + 42518 = 0, -3*i + 42*t + 25542 = 46*t. List the prime factors of i.
2, 4253
Suppose d - 7*d = -150. Let s = 28 - d. Suppose s*y + 214 = 5*y. What are the prime factors of y?
107
Suppose 2*a = -66 - 20. Let z = -39 - a. Suppose -z*h - 78 = -2*p - 510, 0 = 3*h - 3*p - 330. List the prime factors of h.
2, 53
Let p(w) = -w**2 - 5*w + 5. Let z be p(-5). Suppose z*h - 5781 = -2*d - 1562, d + 5*h = 2122. Suppose 2*j + 7*j = d. List the prime factors of j.
233
Suppose -49759 = -o + 2*u, 4*u - 68310 = -2*o + 31272. What are the prime factors of o?
5, 11, 181
Let v(f) = -5*f + 26. Let u be v(6). Let b be -2 - 0 - (u + 0 - 13). What are the prime factors of (1 - b/(-3)) + 4?
2, 5
Suppose -3*g = s - 